{"id":109302,"date":"2025-06-18T10:47:12","date_gmt":"2025-06-18T08:47:12","guid":{"rendered":"https:\/\/maisondebacon.fr\/?post_type=tribe_events&#038;p=109302"},"modified":"2025-06-18T11:09:14","modified_gmt":"2025-06-18T09:09:14","slug":"quand-la-mer-la-musique-et-la-gastronomie-se-rencontrent-le-21-juin-2025","status":"publish","type":"tribe_events","link":"https:\/\/maisondebacon.fr\/en\/event\/quand-la-mer-la-musique-et-la-gastronomie-se-rencontrent-le-21-juin-2025\/","title":{"rendered":"QUAND LA MER, LA MUSIQUE ET LA GASTRONOMIE SE RENCONTRENT LE 21 JUIN 2025"},"content":{"rendered":"<p style=\"text-align: center;\"><img fetchpriority=\"high\" decoding=\"async\" class=\"aligncenter size-medium wp-image-109303\" src=\"https:\/\/maisondebacon.fr\/wp-content\/uploads\/2025\/06\/Image2-169x300.jpg\" alt=\"\" width=\"169\" height=\"300\" \/><\/p>\n<p style=\"text-align: center;\">Le <strong>vendredi 21 juin<\/strong>, laissez-vous porter par les saveurs de la mer et les notes envo\u00fbtantes de la musique live au Cap d\u2019Antibes.<br \/>\n\u00c0 l\u2019occasion de la F\u00eate de la Musique, notre restaurant et le roof top se transforment en sc\u00e8ne intimiste face \u00e0 la mer.<br \/>\nCuisine gastronomique, ambiance festive et coucher de soleil; une soir\u00e9e inoubliable vous attend.<\/p>\n<p style=\"text-align: center;\">Musiciens en live d\u00e8s 19h30<br \/>\nD\u00eener \u00e0 la carte ou menu sp\u00e9cial pour l\u2019occasion<br \/>\nR\u00e9servation conseill\u00e9e : [num\u00e9ro de t\u00e9l\u00e9phone ou lien d<br \/>\nr\u00e9servation]<br \/>\nN\u2019oubliez pas de partager vos plus beaux moments avec nous<\/p>\n<p style=\"text-align: center;\">On Friday, June 21st, let the rhythm of live music and the flavors of the sea guide your evening at the Cap d\u2019Antibes.<br \/>\nFor F\u00eate de la Musique, our restaurant and the roof top become a cozy open-air stage under the stars.<br \/>\nFine dining, festive vibes, and a breathtaking sunset, unforgettable night awaits.<\/p>\n<p style=\"text-align: center;\">Live music from 7:30 PM<\/p>\n<p style=\"text-align: center;\">\u00c0 la carte menu or special set menu available<br \/>\nEarly booking recommended: [phone number or booking link]<br \/>\nShare your best moments with us.<\/p>\n","protected":false},"excerpt":{"rendered":"<p>Le vendredi 21 juin, laissez-vous porter par les saveurs de la mer et les notes envo\u00fbtantes de la musique live au Cap d\u2019Antibes. \u00c0 l\u2019occasion de la F\u00eate de la Musique, notre restaurant et le roof top se transforment en [&hellip;]<\/p>\n","protected":false},"author":7,"featured_media":0,"template":"","meta":{"_tribe_events_status":"","_tribe_events_status_reason":"","footnotes":""},"tags":[],"tribe_events_cat":[],"class_list":["post-109302","tribe_events","type-tribe_events","status-publish","hentry"],"yoast_head":"<!-- This site is optimized with the Yoast SEO plugin v27.5 - https:\/\/yoast.com\/product\/yoast-seo-wordpress\/ -->\n<title>QUAND LA MER, LA MUSIQUE ET LA GASTRONOMIE SE RENCONTRENT LE 21 JUIN 2025 - La Maison de Bacon<\/title>\n<meta name=\"robots\" content=\"index, follow, max-snippet:-1, max-image-preview:large, max-video-preview:-1\" \/>\n<link rel=\"canonical\" href=\"https:\/\/maisondebacon.fr\/en\/event\/quand-la-mer-la-musique-et-la-gastronomie-se-rencontrent-le-21-juin-2025\/\" \/>\n<meta property=\"og:locale\" content=\"en_US\" \/>\n<meta property=\"og:type\" content=\"article\" \/>\n<meta property=\"og:title\" content=\"QUAND LA MER, LA MUSIQUE ET LA GASTRONOMIE SE RENCONTRENT LE 21 JUIN 2025 - La Maison de Bacon\" \/>\n<meta property=\"og:description\" content=\"Le vendredi 21 juin, laissez-vous porter par les saveurs de la mer et les notes envo\u00fbtantes de la musique live au Cap d\u2019Antibes. \u00c0 l\u2019occasion de la F\u00eate de la Musique, notre restaurant et le roof top se transforment en [&hellip;]\" \/>\n<meta property=\"og:url\" content=\"https:\/\/maisondebacon.fr\/en\/event\/quand-la-mer-la-musique-et-la-gastronomie-se-rencontrent-le-21-juin-2025\/\" \/>\n<meta property=\"og:site_name\" content=\"La Maison de Bacon\" \/>\n<meta property=\"article:modified_time\" content=\"2025-06-18T09:09:14+00:00\" \/>\n<meta property=\"og:image\" content=\"https:\/\/maisondebacon.fr\/wp-content\/uploads\/2025\/06\/Image2-e1750237428785.jpg\" \/>\n\t<meta property=\"og:image:width\" content=\"225\" \/>\n\t<meta property=\"og:image:height\" content=\"400\" \/>\n\t<meta property=\"og:image:type\" content=\"image\/jpeg\" \/>\n<meta name=\"twitter:card\" content=\"summary_large_image\" \/>\n<meta name=\"twitter:label1\" content=\"Est. reading time\" \/>\n\t<meta name=\"twitter:data1\" content=\"2 minutes\" \/>\n<script type=\"application\/ld+json\" class=\"yoast-schema-graph\">{\"@context\":\"https:\\\/\\\/schema.org\",\"@graph\":[{\"@type\":\"WebPage\",\"@id\":\"https:\\\/\\\/maisondebacon.fr\\\/event\\\/quand-la-mer-la-musique-et-la-gastronomie-se-rencontrent-le-21-juin-2025\\\/\",\"url\":\"https:\\\/\\\/maisondebacon.fr\\\/event\\\/quand-la-mer-la-musique-et-la-gastronomie-se-rencontrent-le-21-juin-2025\\\/\",\"name\":\"QUAND LA MER, LA MUSIQUE ET LA GASTRONOMIE SE RENCONTRENT LE 21 JUIN 2025 - La Maison de Bacon\",\"isPartOf\":{\"@id\":\"https:\\\/\\\/maisondebacon.fr\\\/#website\"},\"primaryImageOfPage\":{\"@id\":\"https:\\\/\\\/maisondebacon.fr\\\/event\\\/quand-la-mer-la-musique-et-la-gastronomie-se-rencontrent-le-21-juin-2025\\\/#primaryimage\"},\"image\":{\"@id\":\"https:\\\/\\\/maisondebacon.fr\\\/event\\\/quand-la-mer-la-musique-et-la-gastronomie-se-rencontrent-le-21-juin-2025\\\/#primaryimage\"},\"thumbnailUrl\":\"https:\\\/\\\/maisondebacon.fr\\\/wp-content\\\/uploads\\\/2025\\\/06\\\/Image2-169x300.jpg\",\"datePublished\":\"2025-06-18T08:47:12+00:00\",\"dateModified\":\"2025-06-18T09:09:14+00:00\",\"breadcrumb\":{\"@id\":\"https:\\\/\\\/maisondebacon.fr\\\/event\\\/quand-la-mer-la-musique-et-la-gastronomie-se-rencontrent-le-21-juin-2025\\\/#breadcrumb\"},\"inLanguage\":\"en-US\",\"potentialAction\":[{\"@type\":\"ReadAction\",\"target\":[\"https:\\\/\\\/maisondebacon.fr\\\/event\\\/quand-la-mer-la-musique-et-la-gastronomie-se-rencontrent-le-21-juin-2025\\\/\"]}]},{\"@type\":\"ImageObject\",\"inLanguage\":\"en-US\",\"@id\":\"https:\\\/\\\/maisondebacon.fr\\\/event\\\/quand-la-mer-la-musique-et-la-gastronomie-se-rencontrent-le-21-juin-2025\\\/#primaryimage\",\"url\":\"https:\\\/\\\/maisondebacon.fr\\\/wp-content\\\/uploads\\\/2025\\\/06\\\/Image2-169x300.jpg\",\"contentUrl\":\"https:\\\/\\\/maisondebacon.fr\\\/wp-content\\\/uploads\\\/2025\\\/06\\\/Image2-169x300.jpg\"},{\"@type\":\"BreadcrumbList\",\"@id\":\"https:\\\/\\\/maisondebacon.fr\\\/event\\\/quand-la-mer-la-musique-et-la-gastronomie-se-rencontrent-le-21-juin-2025\\\/#breadcrumb\",\"itemListElement\":[{\"@type\":\"ListItem\",\"position\":1,\"name\":\"Accueil\",\"item\":\"https:\\\/\\\/maisondebacon.fr\\\/\"},{\"@type\":\"ListItem\",\"position\":2,\"name\":\"\u00c9v\u00e8nements\",\"item\":\"https:\\\/\\\/maisondebacon.fr\\\/events\\\/\"},{\"@type\":\"ListItem\",\"position\":3,\"name\":\"QUAND LA MER, LA MUSIQUE ET LA GASTRONOMIE SE RENCONTRENT LE 21 JUIN 2025\"}]},{\"@type\":\"WebSite\",\"@id\":\"https:\\\/\\\/maisondebacon.fr\\\/#website\",\"url\":\"https:\\\/\\\/maisondebacon.fr\\\/\",\"name\":\"La Maison de Bacon\",\"description\":\"Rendre votre exp\u00e9rience unique\",\"potentialAction\":[{\"@type\":\"SearchAction\",\"target\":{\"@type\":\"EntryPoint\",\"urlTemplate\":\"https:\\\/\\\/maisondebacon.fr\\\/?s={search_term_string}\"},\"query-input\":{\"@type\":\"PropertyValueSpecification\",\"valueRequired\":true,\"valueName\":\"search_term_string\"}}],\"inLanguage\":\"en-US\"}]}<\/script>\n<!-- \/ Yoast SEO plugin. -->","yoast_head_json":{"title":"QUAND LA MER, LA MUSIQUE ET LA GASTRONOMIE SE RENCONTRENT LE 21 JUIN 2025 - La Maison de Bacon","robots":{"index":"index","follow":"follow","max-snippet":"max-snippet:-1","max-image-preview":"max-image-preview:large","max-video-preview":"max-video-preview:-1"},"canonical":"https:\/\/maisondebacon.fr\/en\/event\/quand-la-mer-la-musique-et-la-gastronomie-se-rencontrent-le-21-juin-2025\/","og_locale":"en_US","og_type":"article","og_title":"QUAND LA MER, LA MUSIQUE ET LA GASTRONOMIE SE RENCONTRENT LE 21 JUIN 2025 - La Maison de Bacon","og_description":"Le vendredi 21 juin, laissez-vous porter par les saveurs de la mer et les notes envo\u00fbtantes de la musique live au Cap d\u2019Antibes. \u00c0 l\u2019occasion de la F\u00eate de la Musique, notre restaurant et le roof top se transforment en [&hellip;]","og_url":"https:\/\/maisondebacon.fr\/en\/event\/quand-la-mer-la-musique-et-la-gastronomie-se-rencontrent-le-21-juin-2025\/","og_site_name":"La Maison de Bacon","article_modified_time":"2025-06-18T09:09:14+00:00","og_image":[{"width":225,"height":400,"url":"https:\/\/maisondebacon.fr\/wp-content\/uploads\/2025\/06\/Image2-e1750237428785.jpg","type":"image\/jpeg"}],"twitter_card":"summary_large_image","twitter_misc":{"Est. reading time":"2 minutes"},"schema":{"@context":"https:\/\/schema.org","@graph":[{"@type":"WebPage","@id":"https:\/\/maisondebacon.fr\/event\/quand-la-mer-la-musique-et-la-gastronomie-se-rencontrent-le-21-juin-2025\/","url":"https:\/\/maisondebacon.fr\/event\/quand-la-mer-la-musique-et-la-gastronomie-se-rencontrent-le-21-juin-2025\/","name":"QUAND LA MER, LA MUSIQUE ET LA GASTRONOMIE SE RENCONTRENT LE 21 JUIN 2025 - La Maison de Bacon","isPartOf":{"@id":"https:\/\/maisondebacon.fr\/#website"},"primaryImageOfPage":{"@id":"https:\/\/maisondebacon.fr\/event\/quand-la-mer-la-musique-et-la-gastronomie-se-rencontrent-le-21-juin-2025\/#primaryimage"},"image":{"@id":"https:\/\/maisondebacon.fr\/event\/quand-la-mer-la-musique-et-la-gastronomie-se-rencontrent-le-21-juin-2025\/#primaryimage"},"thumbnailUrl":"https:\/\/maisondebacon.fr\/wp-content\/uploads\/2025\/06\/Image2-169x300.jpg","datePublished":"2025-06-18T08:47:12+00:00","dateModified":"2025-06-18T09:09:14+00:00","breadcrumb":{"@id":"https:\/\/maisondebacon.fr\/event\/quand-la-mer-la-musique-et-la-gastronomie-se-rencontrent-le-21-juin-2025\/#breadcrumb"},"inLanguage":"en-US","potentialAction":[{"@type":"ReadAction","target":["https:\/\/maisondebacon.fr\/event\/quand-la-mer-la-musique-et-la-gastronomie-se-rencontrent-le-21-juin-2025\/"]}]},{"@type":"ImageObject","inLanguage":"en-US","@id":"https:\/\/maisondebacon.fr\/event\/quand-la-mer-la-musique-et-la-gastronomie-se-rencontrent-le-21-juin-2025\/#primaryimage","url":"https:\/\/maisondebacon.fr\/wp-content\/uploads\/2025\/06\/Image2-169x300.jpg","contentUrl":"https:\/\/maisondebacon.fr\/wp-content\/uploads\/2025\/06\/Image2-169x300.jpg"},{"@type":"BreadcrumbList","@id":"https:\/\/maisondebacon.fr\/event\/quand-la-mer-la-musique-et-la-gastronomie-se-rencontrent-le-21-juin-2025\/#breadcrumb","itemListElement":[{"@type":"ListItem","position":1,"name":"Accueil","item":"https:\/\/maisondebacon.fr\/"},{"@type":"ListItem","position":2,"name":"\u00c9v\u00e8nements","item":"https:\/\/maisondebacon.fr\/events\/"},{"@type":"ListItem","position":3,"name":"QUAND LA MER, LA MUSIQUE ET LA GASTRONOMIE SE RENCONTRENT LE 21 JUIN 2025"}]},{"@type":"WebSite","@id":"https:\/\/maisondebacon.fr\/#website","url":"https:\/\/maisondebacon.fr\/","name":"Bacon&#039;s House","description":"Rendre votre exp\u00e9rience unique","potentialAction":[{"@type":"SearchAction","target":{"@type":"EntryPoint","urlTemplate":"https:\/\/maisondebacon.fr\/?s={search_term_string}"},"query-input":{"@type":"PropertyValueSpecification","valueRequired":true,"valueName":"search_term_string"}}],"inLanguage":"en-US"}]}},"_links":{"self":[{"href":"https:\/\/maisondebacon.fr\/en\/wp-json\/wp\/v2\/tribe_events\/109302","targetHints":{"allow":["GET"]}}],"collection":[{"href":"https:\/\/maisondebacon.fr\/en\/wp-json\/wp\/v2\/tribe_events"}],"about":[{"href":"https:\/\/maisondebacon.fr\/en\/wp-json\/wp\/v2\/types\/tribe_events"}],"author":[{"embeddable":true,"href":"https:\/\/maisondebacon.fr\/en\/wp-json\/wp\/v2\/users\/7"}],"version-history":[{"count":5,"href":"https:\/\/maisondebacon.fr\/en\/wp-json\/wp\/v2\/tribe_events\/109302\/revisions"}],"predecessor-version":[{"id":109310,"href":"https:\/\/maisondebacon.fr\/en\/wp-json\/wp\/v2\/tribe_events\/109302\/revisions\/109310"}],"wp:attachment":[{"href":"https:\/\/maisondebacon.fr\/en\/wp-json\/wp\/v2\/media?parent=109302"}],"wp:term":[{"taxonomy":"post_tag","embeddable":true,"href":"https:\/\/maisondebacon.fr\/en\/wp-json\/wp\/v2\/tags?post=109302"},{"taxonomy":"tribe_events_cat","embeddable":true,"href":"https:\/\/maisondebacon.fr\/en\/wp-json\/wp\/v2\/tribe_events_cat?post=109302"}],"curies":[{"name":"wp","href":"https:\/\/api.w.org\/{rel}","templated":true}]}}

<p style="text-align: center;"><img fetchpriority="high" decoding="async" class="aligncenter size-medium wp-image-109303" src="https://maisondebacon.fr/wp-content/uploads/2025/06/Image2-169x300.jpg" alt="" width="169" height="300" /></p>
<p style="text-align: center;">Le <strong>vendredi 21 juin</strong>, laissez-vous porter par les saveurs de la mer et les notes envoûtantes de la musique live au Cap d’Antibes.<br />
À l’occasion de la Fête de la Musique, notre restaurant et le roof top se transforment en scène intimiste face à la mer.<br />
Cuisine gastronomique, ambiance festive et coucher de soleil; une soirée inoubliable vous attend.</p>
<p style="text-align: center;">Musiciens en live dès 19h30<br />
Dîner à la carte ou menu spécial pour l’occasion<br />
Réservation conseillée : [numéro de téléphone ou lien d<br />
réservation]<br />
N’oubliez pas de partager vos plus beaux moments avec nous</p>
<p style="text-align: center;">On Friday, June 21st, let the rhythm of live music and the flavors of the sea guide your evening at the Cap d’Antibes.<br />
For Fête de la Musique, our restaurant and the roof top become a cozy open-air stage under the stars.<br />
Fine dining, festive vibes, and a breathtaking sunset, unforgettable night awaits.</p>
<p style="text-align: center;">Live music from 7:30 PM</p>
<p style="text-align: center;">À la carte menu or special set menu available<br />
Early booking recommended: [phone number or booking link]<br />
Share your best moments with us.</p>

<p>Le vendredi 21 juin, laissez-vous porter par les saveurs de la mer et les notes envoûtantes de la musique live au Cap d’Antibes. À l’occasion de la Fête de la Musique, notre restaurant et le roof top se transforment en [&hellip;]</p>

<!-- This site is optimized with the Yoast SEO plugin v27.5 - https://yoast.com/product/yoast-seo-wordpress/ -->
<title>QUAND LA MER, LA MUSIQUE ET LA GASTRONOMIE SE RENCONTRENT LE 21 JUIN 2025 - La Maison de Bacon</title>
<meta name="robots" content="index, follow, max-snippet:-1, max-image-preview:large, max-video-preview:-1" />
<link rel="canonical" href="https://maisondebacon.fr/en/event/quand-la-mer-la-musique-et-la-gastronomie-se-rencontrent-le-21-juin-2025/" />
<meta property="og:locale" content="en_US" />
<meta property="og:type" content="article" />
<meta property="og:title" content="QUAND LA MER, LA MUSIQUE ET LA GASTRONOMIE SE RENCONTRENT LE 21 JUIN 2025 - La Maison de Bacon" />
<meta property="og:description" content="Le vendredi 21 juin, laissez-vous porter par les saveurs de la mer et les notes envoûtantes de la musique live au Cap d’Antibes. À l’occasion de la Fête de la Musique, notre restaurant et le roof top se transforment en [&hellip;]" />
<meta property="og:url" content="https://maisondebacon.fr/en/event/quand-la-mer-la-musique-et-la-gastronomie-se-rencontrent-le-21-juin-2025/" />
<meta property="og:site_name" content="La Maison de Bacon" />
<meta property="article:modified_time" content="2025-06-18T09:09:14+00:00" />
<meta property="og:image" content="https://maisondebacon.fr/wp-content/uploads/2025/06/Image2-e1750237428785.jpg" />
	<meta property="og:image:width" content="225" />
	<meta property="og:image:height" content="400" />
	<meta property="og:image:type" content="image/jpeg" />
<meta name="twitter:card" content="summary_large_image" />
<meta name="twitter:label1" content="Est. reading time" />
	<meta name="twitter:data1" content="2 minutes" />
<script type="application/ld+json" class="yoast-schema-graph">{"@context":"https:\/\/schema.org","@graph":[{"@type":"WebPage","@id":"https:\/\/maisondebacon.fr\/event\/quand-la-mer-la-musique-et-la-gastronomie-se-rencontrent-le-21-juin-2025\/","url":"https:\/\/maisondebacon.fr\/event\/quand-la-mer-la-musique-et-la-gastronomie-se-rencontrent-le-21-juin-2025\/","name":"QUAND LA MER, LA MUSIQUE ET LA GASTRONOMIE SE RENCONTRENT LE 21 JUIN 2025 - La Maison de Bacon","isPartOf":{"@id":"https:\/\/maisondebacon.fr\/#website"},"primaryImageOfPage":{"@id":"https:\/\/maisondebacon.fr\/event\/quand-la-mer-la-musique-et-la-gastronomie-se-rencontrent-le-21-juin-2025\/#primaryimage"},"image":{"@id":"https:\/\/maisondebacon.fr\/event\/quand-la-mer-la-musique-et-la-gastronomie-se-rencontrent-le-21-juin-2025\/#primaryimage"},"thumbnailUrl":"https:\/\/maisondebacon.fr\/wp-content\/uploads\/2025\/06\/Image2-169x300.jpg","datePublished":"2025-06-18T08:47:12+00:00","dateModified":"2025-06-18T09:09:14+00:00","breadcrumb":{"@id":"https:\/\/maisondebacon.fr\/event\/quand-la-mer-la-musique-et-la-gastronomie-se-rencontrent-le-21-juin-2025\/#breadcrumb"},"inLanguage":"en-US","potentialAction":[{"@type":"ReadAction","target":["https:\/\/maisondebacon.fr\/event\/quand-la-mer-la-musique-et-la-gastronomie-se-rencontrent-le-21-juin-2025\/"]}]},{"@type":"ImageObject","inLanguage":"en-US","@id":"https:\/\/maisondebacon.fr\/event\/quand-la-mer-la-musique-et-la-gastronomie-se-rencontrent-le-21-juin-2025\/#primaryimage","url":"https:\/\/maisondebacon.fr\/wp-content\/uploads\/2025\/06\/Image2-169x300.jpg","contentUrl":"https:\/\/maisondebacon.fr\/wp-content\/uploads\/2025\/06\/Image2-169x300.jpg"},{"@type":"BreadcrumbList","@id":"https:\/\/maisondebacon.fr\/event\/quand-la-mer-la-musique-et-la-gastronomie-se-rencontrent-le-21-juin-2025\/#breadcrumb","itemListElement":[{"@type":"ListItem","position":1,"name":"Accueil","item":"https:\/\/maisondebacon.fr\/"},{"@type":"ListItem","position":2,"name":"Évènements","item":"https:\/\/maisondebacon.fr\/events\/"},{"@type":"ListItem","position":3,"name":"QUAND LA MER, LA MUSIQUE ET LA GASTRONOMIE SE RENCONTRENT LE 21 JUIN 2025"}]},{"@type":"WebSite","@id":"https:\/\/maisondebacon.fr\/#website","url":"https:\/\/maisondebacon.fr\/","name":"La Maison de Bacon","description":"Rendre votre expérience unique","potentialAction":[{"@type":"SearchAction","target":{"@type":"EntryPoint","urlTemplate":"https:\/\/maisondebacon.fr\/?s={search_term_string}"},"query-input":{"@type":"PropertyValueSpecification","valueRequired":true,"valueName":"search_term_string"}}],"inLanguage":"en-US"}]}</script>
<!-- / Yoast SEO plugin. -->

Le vendredi 21 juin, laissez-vous porter par les saveurs de la mer et les notes envoûtantes de la musique live au Cap d’Antibes. À l’occasion de la Fête de la Musique, notre restaurant et le roof top se transforment en [&hellip;]

Évènements

Rendre votre expérience unique
