{"id":109311,"date":"2025-06-18T11:44:43","date_gmt":"2025-06-18T09:44:43","guid":{"rendered":"https:\/\/maisondebacon.fr\/?post_type=tribe_events&#038;p=109311"},"modified":"2025-06-18T12:06:41","modified_gmt":"2025-06-18T10:06:41","slug":"un-feu-dartifice-pour-le-yeux-et-les-papilles","status":"publish","type":"tribe_events","link":"https:\/\/maisondebacon.fr\/en\/event\/un-feu-dartifice-pour-le-yeux-et-les-papilles\/","title":{"rendered":"UN FEU D&rsquo;ARTIFICE POUR LE YEUX&#8230;ET LES PAPILLES"},"content":{"rendered":"<p><img fetchpriority=\"high\" decoding=\"async\" class=\"aligncenter wp-image-109312\" src=\"https:\/\/maisondebacon.fr\/wp-content\/uploads\/2025\/06\/Feu-d-artivice-MDB-2025-300x225.jpg\" alt=\"\" width=\"416\" height=\"312\" \/><\/p>\n<p style=\"text-align: center;\"><span style=\"color: #000000;\">Venez profiter d&rsquo;un d\u00eener sous les \u00e9toiles au Cap d\u2019Antibes <strong>l<\/strong><\/span><span style=\"color: #000000;\"><strong>e dimanche 13 juillet 2025.<\/strong><\/span><\/p>\n<p style=\"text-align: center;\"><span style=\"color: #000000;\">La Maison de Bacon vous invite \u00e0 vivre une soir\u00e9e d\u2019exception face \u00e0 la mer, rythm\u00e9e par la magie du feu d\u2019artifice tir\u00e9 depuis la baie d\u2019Antibes.<\/span><br \/>\n<span style=\"color: #000000;\">Profitez d\u2019un d\u00eener gastronomique aux saveurs m\u00e9diterran\u00e9ennes, sublim\u00e9 par une vue imprenable sur les \u00e9clats de lumi\u00e8re dans le ciel d\u2019\u00e9t\u00e9.<\/span><\/p>\n<p style=\"text-align: center;\"><span style=\"color: #000000;\">Une exp\u00e9rience unique, entre \u00e9l\u00e9gance, \u00e9motion et tradition.<\/span><br \/>\n<span style=\"color: #000000;\">R\u00e9servation vivement conseill\u00e9e<\/span><\/p>\n<p style=\"text-align: center;\"><span style=\"color: #000000;\">\u00a0Num\u00e9ro de t\u00e9l\u00e9phone : +33 (0)4 93 61 50 02<\/span><\/p>\n<p>&nbsp;<\/p>\n<p>&nbsp;<\/p>\n<p style=\"text-align: center;\"><em><span style=\"color: #000000;\">Come enjoy a dinner under the stars at Cap d&rsquo;Antibes on Sunday, July 13th, 2025.<\/span><\/em><\/p>\n<p style=\"text-align: center;\"><em><span style=\"color: #000000;\">Maison de Bacon invites you to experience an exceptional evening by the sea, set to the rhythm of the magic of the fireworks fired from the bay of Antibes.<\/span><\/em><br \/>\n<em><span style=\"color: #000000;\">Enjoy a refined dinner with a breathtaking sea view, as the night sky comes alive in celebration.<\/span><\/em><\/p>\n<p style=\"text-align: center;\"><em><span style=\"color: #000000;\">A timeless moment, where elegance and emotion come together.<\/span><\/em><\/p>\n<p style=\"text-align: center;\"><em><span style=\"color: #000000;\">Early booking recommended<\/span><\/em><br \/>\n<em><span style=\"color: #000000;\">Phone number : +33 (0)4 93 61 50 02<\/span><\/em><\/p>","protected":false},"excerpt":{"rendered":"<p>Venez profiter d&rsquo;un d\u00eener sous les \u00e9toiles au Cap d\u2019Antibes le dimanche 13 juillet 2025. La Maison de Bacon vous invite \u00e0 vivre une soir\u00e9e d\u2019exception face \u00e0 la mer, rythm\u00e9e par la magie du feu d\u2019artifice tir\u00e9 depuis la [&hellip;]<\/p>\n","protected":false},"author":7,"featured_media":0,"template":"","meta":{"_tribe_events_status":"","_tribe_events_status_reason":"","footnotes":""},"tags":[],"tribe_events_cat":[],"class_list":["post-109311","tribe_events","type-tribe_events","status-publish","hentry"],"yoast_head":"<!-- This site is optimized with the Yoast SEO plugin v27.5 - https:\/\/yoast.com\/product\/yoast-seo-wordpress\/ -->\n<title>UN FEU D&#039;ARTIFICE POUR LE YEUX...ET LES PAPILLES - La Maison de Bacon<\/title>\n<meta name=\"robots\" content=\"index, follow, max-snippet:-1, max-image-preview:large, max-video-preview:-1\" \/>\n<link rel=\"canonical\" href=\"https:\/\/maisondebacon.fr\/en\/event\/un-feu-dartifice-pour-le-yeux-et-les-papilles\/\" \/>\n<meta property=\"og:locale\" content=\"en_US\" \/>\n<meta property=\"og:type\" content=\"article\" \/>\n<meta property=\"og:title\" content=\"UN FEU D&#039;ARTIFICE POUR LE YEUX...ET LES PAPILLES - La Maison de Bacon\" \/>\n<meta property=\"og:description\" content=\"Venez profiter d&rsquo;un d\u00eener sous les \u00e9toiles au Cap d\u2019Antibes le dimanche 13 juillet 2025. La Maison de Bacon vous invite \u00e0 vivre une soir\u00e9e d\u2019exception face \u00e0 la mer, rythm\u00e9e par la magie du feu d\u2019artifice tir\u00e9 depuis la [&hellip;]\" \/>\n<meta property=\"og:url\" content=\"https:\/\/maisondebacon.fr\/en\/event\/un-feu-dartifice-pour-le-yeux-et-les-papilles\/\" \/>\n<meta property=\"og:site_name\" content=\"La Maison de Bacon\" \/>\n<meta property=\"article:modified_time\" content=\"2025-06-18T10:06:41+00:00\" \/>\n<meta property=\"og:image\" content=\"https:\/\/maisondebacon.fr\/wp-content\/uploads\/2025\/06\/Feu-d-artivice-MDB-2025-e1750239807204.jpg\" \/>\n\t<meta property=\"og:image:width\" content=\"880\" \/>\n\t<meta property=\"og:image:height\" content=\"660\" \/>\n\t<meta property=\"og:image:type\" content=\"image\/jpeg\" \/>\n<meta name=\"twitter:card\" content=\"summary_large_image\" \/>\n<meta name=\"twitter:label1\" content=\"Est. reading time\" \/>\n\t<meta name=\"twitter:data1\" content=\"2 minutes\" \/>\n<script type=\"application\/ld+json\" class=\"yoast-schema-graph\">{\"@context\":\"https:\\\/\\\/schema.org\",\"@graph\":[{\"@type\":\"WebPage\",\"@id\":\"https:\\\/\\\/maisondebacon.fr\\\/event\\\/un-feu-dartifice-pour-le-yeux-et-les-papilles\\\/\",\"url\":\"https:\\\/\\\/maisondebacon.fr\\\/event\\\/un-feu-dartifice-pour-le-yeux-et-les-papilles\\\/\",\"name\":\"UN FEU D'ARTIFICE POUR LE YEUX...ET LES PAPILLES - La Maison de Bacon\",\"isPartOf\":{\"@id\":\"https:\\\/\\\/maisondebacon.fr\\\/#website\"},\"primaryImageOfPage\":{\"@id\":\"https:\\\/\\\/maisondebacon.fr\\\/event\\\/un-feu-dartifice-pour-le-yeux-et-les-papilles\\\/#primaryimage\"},\"image\":{\"@id\":\"https:\\\/\\\/maisondebacon.fr\\\/event\\\/un-feu-dartifice-pour-le-yeux-et-les-papilles\\\/#primaryimage\"},\"thumbnailUrl\":\"https:\\\/\\\/maisondebacon.fr\\\/wp-content\\\/uploads\\\/2025\\\/06\\\/Feu-d-artivice-MDB-2025-300x225.jpg\",\"datePublished\":\"2025-06-18T09:44:43+00:00\",\"dateModified\":\"2025-06-18T10:06:41+00:00\",\"breadcrumb\":{\"@id\":\"https:\\\/\\\/maisondebacon.fr\\\/event\\\/un-feu-dartifice-pour-le-yeux-et-les-papilles\\\/#breadcrumb\"},\"inLanguage\":\"en-US\",\"potentialAction\":[{\"@type\":\"ReadAction\",\"target\":[\"https:\\\/\\\/maisondebacon.fr\\\/event\\\/un-feu-dartifice-pour-le-yeux-et-les-papilles\\\/\"]}]},{\"@type\":\"ImageObject\",\"inLanguage\":\"en-US\",\"@id\":\"https:\\\/\\\/maisondebacon.fr\\\/event\\\/un-feu-dartifice-pour-le-yeux-et-les-papilles\\\/#primaryimage\",\"url\":\"https:\\\/\\\/maisondebacon.fr\\\/wp-content\\\/uploads\\\/2025\\\/06\\\/Feu-d-artivice-MDB-2025-300x225.jpg\",\"contentUrl\":\"https:\\\/\\\/maisondebacon.fr\\\/wp-content\\\/uploads\\\/2025\\\/06\\\/Feu-d-artivice-MDB-2025-300x225.jpg\"},{\"@type\":\"BreadcrumbList\",\"@id\":\"https:\\\/\\\/maisondebacon.fr\\\/event\\\/un-feu-dartifice-pour-le-yeux-et-les-papilles\\\/#breadcrumb\",\"itemListElement\":[{\"@type\":\"ListItem\",\"position\":1,\"name\":\"Accueil\",\"item\":\"https:\\\/\\\/maisondebacon.fr\\\/\"},{\"@type\":\"ListItem\",\"position\":2,\"name\":\"\u00c9v\u00e8nements\",\"item\":\"https:\\\/\\\/maisondebacon.fr\\\/events\\\/\"},{\"@type\":\"ListItem\",\"position\":3,\"name\":\"UN FEU D&rsquo;ARTIFICE POUR LE YEUX&#8230;ET LES PAPILLES\"}]},{\"@type\":\"WebSite\",\"@id\":\"https:\\\/\\\/maisondebacon.fr\\\/#website\",\"url\":\"https:\\\/\\\/maisondebacon.fr\\\/\",\"name\":\"La Maison de Bacon\",\"description\":\"Rendre votre exp\u00e9rience unique\",\"potentialAction\":[{\"@type\":\"SearchAction\",\"target\":{\"@type\":\"EntryPoint\",\"urlTemplate\":\"https:\\\/\\\/maisondebacon.fr\\\/?s={search_term_string}\"},\"query-input\":{\"@type\":\"PropertyValueSpecification\",\"valueRequired\":true,\"valueName\":\"search_term_string\"}}],\"inLanguage\":\"en-US\"}]}<\/script>\n<!-- \/ Yoast SEO plugin. -->","yoast_head_json":{"title":"UN FEU D'ARTIFICE POUR LE YEUX...ET LES PAPILLES - La Maison de Bacon","robots":{"index":"index","follow":"follow","max-snippet":"max-snippet:-1","max-image-preview":"max-image-preview:large","max-video-preview":"max-video-preview:-1"},"canonical":"https:\/\/maisondebacon.fr\/en\/event\/un-feu-dartifice-pour-le-yeux-et-les-papilles\/","og_locale":"en_US","og_type":"article","og_title":"UN FEU D'ARTIFICE POUR LE YEUX...ET LES PAPILLES - La Maison de Bacon","og_description":"Venez profiter d&rsquo;un d\u00eener sous les \u00e9toiles au Cap d\u2019Antibes le dimanche 13 juillet 2025. La Maison de Bacon vous invite \u00e0 vivre une soir\u00e9e d\u2019exception face \u00e0 la mer, rythm\u00e9e par la magie du feu d\u2019artifice tir\u00e9 depuis la [&hellip;]","og_url":"https:\/\/maisondebacon.fr\/en\/event\/un-feu-dartifice-pour-le-yeux-et-les-papilles\/","og_site_name":"La Maison de Bacon","article_modified_time":"2025-06-18T10:06:41+00:00","og_image":[{"width":880,"height":660,"url":"https:\/\/maisondebacon.fr\/wp-content\/uploads\/2025\/06\/Feu-d-artivice-MDB-2025-e1750239807204.jpg","type":"image\/jpeg"}],"twitter_card":"summary_large_image","twitter_misc":{"Est. reading time":"2 minutes"},"schema":{"@context":"https:\/\/schema.org","@graph":[{"@type":"WebPage","@id":"https:\/\/maisondebacon.fr\/event\/un-feu-dartifice-pour-le-yeux-et-les-papilles\/","url":"https:\/\/maisondebacon.fr\/event\/un-feu-dartifice-pour-le-yeux-et-les-papilles\/","name":"UN FEU D'ARTIFICE POUR LE YEUX...ET LES PAPILLES - La Maison de Bacon","isPartOf":{"@id":"https:\/\/maisondebacon.fr\/#website"},"primaryImageOfPage":{"@id":"https:\/\/maisondebacon.fr\/event\/un-feu-dartifice-pour-le-yeux-et-les-papilles\/#primaryimage"},"image":{"@id":"https:\/\/maisondebacon.fr\/event\/un-feu-dartifice-pour-le-yeux-et-les-papilles\/#primaryimage"},"thumbnailUrl":"https:\/\/maisondebacon.fr\/wp-content\/uploads\/2025\/06\/Feu-d-artivice-MDB-2025-300x225.jpg","datePublished":"2025-06-18T09:44:43+00:00","dateModified":"2025-06-18T10:06:41+00:00","breadcrumb":{"@id":"https:\/\/maisondebacon.fr\/event\/un-feu-dartifice-pour-le-yeux-et-les-papilles\/#breadcrumb"},"inLanguage":"en-US","potentialAction":[{"@type":"ReadAction","target":["https:\/\/maisondebacon.fr\/event\/un-feu-dartifice-pour-le-yeux-et-les-papilles\/"]}]},{"@type":"ImageObject","inLanguage":"en-US","@id":"https:\/\/maisondebacon.fr\/event\/un-feu-dartifice-pour-le-yeux-et-les-papilles\/#primaryimage","url":"https:\/\/maisondebacon.fr\/wp-content\/uploads\/2025\/06\/Feu-d-artivice-MDB-2025-300x225.jpg","contentUrl":"https:\/\/maisondebacon.fr\/wp-content\/uploads\/2025\/06\/Feu-d-artivice-MDB-2025-300x225.jpg"},{"@type":"BreadcrumbList","@id":"https:\/\/maisondebacon.fr\/event\/un-feu-dartifice-pour-le-yeux-et-les-papilles\/#breadcrumb","itemListElement":[{"@type":"ListItem","position":1,"name":"Accueil","item":"https:\/\/maisondebacon.fr\/"},{"@type":"ListItem","position":2,"name":"\u00c9v\u00e8nements","item":"https:\/\/maisondebacon.fr\/events\/"},{"@type":"ListItem","position":3,"name":"UN FEU D&rsquo;ARTIFICE POUR LE YEUX&#8230;ET LES PAPILLES"}]},{"@type":"WebSite","@id":"https:\/\/maisondebacon.fr\/#website","url":"https:\/\/maisondebacon.fr\/","name":"Bacon&#039;s House","description":"Rendre votre exp\u00e9rience unique","potentialAction":[{"@type":"SearchAction","target":{"@type":"EntryPoint","urlTemplate":"https:\/\/maisondebacon.fr\/?s={search_term_string}"},"query-input":{"@type":"PropertyValueSpecification","valueRequired":true,"valueName":"search_term_string"}}],"inLanguage":"en-US"}]}},"_links":{"self":[{"href":"https:\/\/maisondebacon.fr\/en\/wp-json\/wp\/v2\/tribe_events\/109311","targetHints":{"allow":["GET"]}}],"collection":[{"href":"https:\/\/maisondebacon.fr\/en\/wp-json\/wp\/v2\/tribe_events"}],"about":[{"href":"https:\/\/maisondebacon.fr\/en\/wp-json\/wp\/v2\/types\/tribe_events"}],"author":[{"embeddable":true,"href":"https:\/\/maisondebacon.fr\/en\/wp-json\/wp\/v2\/users\/7"}],"version-history":[{"count":5,"href":"https:\/\/maisondebacon.fr\/en\/wp-json\/wp\/v2\/tribe_events\/109311\/revisions"}],"predecessor-version":[{"id":109321,"href":"https:\/\/maisondebacon.fr\/en\/wp-json\/wp\/v2\/tribe_events\/109311\/revisions\/109321"}],"wp:attachment":[{"href":"https:\/\/maisondebacon.fr\/en\/wp-json\/wp\/v2\/media?parent=109311"}],"wp:term":[{"taxonomy":"post_tag","embeddable":true,"href":"https:\/\/maisondebacon.fr\/en\/wp-json\/wp\/v2\/tags?post=109311"},{"taxonomy":"tribe_events_cat","embeddable":true,"href":"https:\/\/maisondebacon.fr\/en\/wp-json\/wp\/v2\/tribe_events_cat?post=109311"}],"curies":[{"name":"wp","href":"https:\/\/api.w.org\/{rel}","templated":true}]}}

<p><img fetchpriority="high" decoding="async" class="aligncenter wp-image-109312" src="https://maisondebacon.fr/wp-content/uploads/2025/06/Feu-d-artivice-MDB-2025-300x225.jpg" alt="" width="416" height="312" /></p>
<p style="text-align: center;"><span style="color: #000000;">Venez profiter d&rsquo;un dîner sous les étoiles au Cap d’Antibes <strong>l</strong></span><span style="color: #000000;"><strong>e dimanche 13 juillet 2025.</strong></span></p>
<p style="text-align: center;"><span style="color: #000000;">La Maison de Bacon vous invite à vivre une soirée d’exception face à la mer, rythmée par la magie du feu d’artifice tiré depuis la baie d’Antibes.</span><br />
<span style="color: #000000;">Profitez d’un dîner gastronomique aux saveurs méditerranéennes, sublimé par une vue imprenable sur les éclats de lumière dans le ciel d’été.</span></p>
<p style="text-align: center;"><span style="color: #000000;">Une expérience unique, entre élégance, émotion et tradition.</span><br />
<span style="color: #000000;">Réservation vivement conseillée</span></p>
<p style="text-align: center;"><span style="color: #000000;"> Numéro de téléphone : +33 (0)4 93 61 50 02</span></p>
<p>&nbsp;</p>
<p>&nbsp;</p>
<p style="text-align: center;"><em><span style="color: #000000;">Come enjoy a dinner under the stars at Cap d&rsquo;Antibes on Sunday, July 13th, 2025.</span></em></p>
<p style="text-align: center;"><em><span style="color: #000000;">Maison de Bacon invites you to experience an exceptional evening by the sea, set to the rhythm of the magic of the fireworks fired from the bay of Antibes.</span></em><br />
<em><span style="color: #000000;">Enjoy a refined dinner with a breathtaking sea view, as the night sky comes alive in celebration.</span></em></p>
<p style="text-align: center;"><em><span style="color: #000000;">A timeless moment, where elegance and emotion come together.</span></em></p>
<p style="text-align: center;"><em><span style="color: #000000;">Early booking recommended</span></em><br />
<em><span style="color: #000000;">Phone number : +33 (0)4 93 61 50 02</span></em></p>

<p>Venez profiter d&rsquo;un dîner sous les étoiles au Cap d’Antibes le dimanche 13 juillet 2025. La Maison de Bacon vous invite à vivre une soirée d’exception face à la mer, rythmée par la magie du feu d’artifice tiré depuis la [&hellip;]</p>

<!-- This site is optimized with the Yoast SEO plugin v27.5 - https://yoast.com/product/yoast-seo-wordpress/ -->
<title>UN FEU D&#039;ARTIFICE POUR LE YEUX...ET LES PAPILLES - La Maison de Bacon</title>
<meta name="robots" content="index, follow, max-snippet:-1, max-image-preview:large, max-video-preview:-1" />
<link rel="canonical" href="https://maisondebacon.fr/en/event/un-feu-dartifice-pour-le-yeux-et-les-papilles/" />
<meta property="og:locale" content="en_US" />
<meta property="og:type" content="article" />
<meta property="og:title" content="UN FEU D&#039;ARTIFICE POUR LE YEUX...ET LES PAPILLES - La Maison de Bacon" />
<meta property="og:description" content="Venez profiter d&rsquo;un dîner sous les étoiles au Cap d’Antibes le dimanche 13 juillet 2025. La Maison de Bacon vous invite à vivre une soirée d’exception face à la mer, rythmée par la magie du feu d’artifice tiré depuis la [&hellip;]" />
<meta property="og:url" content="https://maisondebacon.fr/en/event/un-feu-dartifice-pour-le-yeux-et-les-papilles/" />
<meta property="og:site_name" content="La Maison de Bacon" />
<meta property="article:modified_time" content="2025-06-18T10:06:41+00:00" />
<meta property="og:image" content="https://maisondebacon.fr/wp-content/uploads/2025/06/Feu-d-artivice-MDB-2025-e1750239807204.jpg" />
	<meta property="og:image:width" content="880" />
	<meta property="og:image:height" content="660" />
	<meta property="og:image:type" content="image/jpeg" />
<meta name="twitter:card" content="summary_large_image" />
<meta name="twitter:label1" content="Est. reading time" />
	<meta name="twitter:data1" content="2 minutes" />
<script type="application/ld+json" class="yoast-schema-graph">{"@context":"https:\/\/schema.org","@graph":[{"@type":"WebPage","@id":"https:\/\/maisondebacon.fr\/event\/un-feu-dartifice-pour-le-yeux-et-les-papilles\/","url":"https:\/\/maisondebacon.fr\/event\/un-feu-dartifice-pour-le-yeux-et-les-papilles\/","name":"UN FEU D'ARTIFICE POUR LE YEUX...ET LES PAPILLES - La Maison de Bacon","isPartOf":{"@id":"https:\/\/maisondebacon.fr\/#website"},"primaryImageOfPage":{"@id":"https:\/\/maisondebacon.fr\/event\/un-feu-dartifice-pour-le-yeux-et-les-papilles\/#primaryimage"},"image":{"@id":"https:\/\/maisondebacon.fr\/event\/un-feu-dartifice-pour-le-yeux-et-les-papilles\/#primaryimage"},"thumbnailUrl":"https:\/\/maisondebacon.fr\/wp-content\/uploads\/2025\/06\/Feu-d-artivice-MDB-2025-300x225.jpg","datePublished":"2025-06-18T09:44:43+00:00","dateModified":"2025-06-18T10:06:41+00:00","breadcrumb":{"@id":"https:\/\/maisondebacon.fr\/event\/un-feu-dartifice-pour-le-yeux-et-les-papilles\/#breadcrumb"},"inLanguage":"en-US","potentialAction":[{"@type":"ReadAction","target":["https:\/\/maisondebacon.fr\/event\/un-feu-dartifice-pour-le-yeux-et-les-papilles\/"]}]},{"@type":"ImageObject","inLanguage":"en-US","@id":"https:\/\/maisondebacon.fr\/event\/un-feu-dartifice-pour-le-yeux-et-les-papilles\/#primaryimage","url":"https:\/\/maisondebacon.fr\/wp-content\/uploads\/2025\/06\/Feu-d-artivice-MDB-2025-300x225.jpg","contentUrl":"https:\/\/maisondebacon.fr\/wp-content\/uploads\/2025\/06\/Feu-d-artivice-MDB-2025-300x225.jpg"},{"@type":"BreadcrumbList","@id":"https:\/\/maisondebacon.fr\/event\/un-feu-dartifice-pour-le-yeux-et-les-papilles\/#breadcrumb","itemListElement":[{"@type":"ListItem","position":1,"name":"Accueil","item":"https:\/\/maisondebacon.fr\/"},{"@type":"ListItem","position":2,"name":"Évènements","item":"https:\/\/maisondebacon.fr\/events\/"},{"@type":"ListItem","position":3,"name":"UN FEU D&rsquo;ARTIFICE POUR LE YEUX&#8230;ET LES PAPILLES"}]},{"@type":"WebSite","@id":"https:\/\/maisondebacon.fr\/#website","url":"https:\/\/maisondebacon.fr\/","name":"La Maison de Bacon","description":"Rendre votre expérience unique","potentialAction":[{"@type":"SearchAction","target":{"@type":"EntryPoint","urlTemplate":"https:\/\/maisondebacon.fr\/?s={search_term_string}"},"query-input":{"@type":"PropertyValueSpecification","valueRequired":true,"valueName":"search_term_string"}}],"inLanguage":"en-US"}]}</script>
<!-- / Yoast SEO plugin. -->

Venez profiter d&rsquo;un dîner sous les étoiles au Cap d’Antibes le dimanche 13 juillet 2025. La Maison de Bacon vous invite à vivre une soirée d’exception face à la mer, rythmée par la magie du feu d’artifice tiré depuis la [&hellip;]

Évènements

Rendre votre expérience unique
