{"id":109554,"date":"2025-07-21T10:51:16","date_gmt":"2025-07-21T08:51:16","guid":{"rendered":"https:\/\/maisondebacon.fr\/?post_type=tribe_events&#038;p=109554"},"modified":"2025-07-21T13:24:11","modified_gmt":"2025-07-21T11:24:11","slug":"30-aout-2025-sur-le-roof-top-marine-patrick-un-duo-en-live","status":"publish","type":"tribe_events","link":"https:\/\/maisondebacon.fr\/en\/event\/30-aout-2025-sur-le-roof-top-marine-patrick-un-duo-en-live\/","title":{"rendered":"30 AOUT 2025 SUR LE ROOF TOP : MARINE &#038; PATRICK UN DUO EN LIVE"},"content":{"rendered":"<p>Le 30 Ao\u00fbt 2025\u00a0 Ambiance chic &amp; coucher de soleil au sommet<strong> sur le ROOF TOP avec un DUO MARINE &amp; PATRICK EN LIVE<\/strong><\/p>\n<p>Un voyage en chansons \u00e0 travers les grands classiques de la vari\u00e9t\u00e9 fran\u00e7aise et internationale, interpr\u00e9t\u00e9s avec \u00e9motion, complicit\u00e9 et une touche de magie.<\/p>\n<p><strong>cocktails<\/strong> signature, grands classiques revisit\u00e9s et cr\u00e9ations de saison<\/p>\n<p><strong>plats \u00e0 partager<\/strong> : produits de la mer, inspirations m\u00e9diterran\u00e9ennes, assiettes g\u00e9n\u00e9reuses et raffin\u00e9es<\/p>\n<p>l&rsquo;\u00e9t\u00e9 commence :<strong> pensez \u00e0 r\u00e9server sur<\/strong> <strong><a href=\"https:\/\/bookings.zenchef.com\/results?rid=367528&amp;pid=1001&amp;lang=en\">CE LIEN\u00a0<\/a><\/strong><\/p>","protected":false},"excerpt":{"rendered":"<p>Le 30 Ao\u00fbt 2025\u00a0 Ambiance chic &amp; coucher de soleil au sommet sur le ROOF TOP avec un DUO MARINE &amp; PATRICK EN LIVE Un voyage en chansons \u00e0 travers les grands classiques de la vari\u00e9t\u00e9 fran\u00e7aise et internationale, interpr\u00e9t\u00e9s [&hellip;]<\/p>\n","protected":false},"author":1,"featured_media":109566,"template":"","meta":{"_tribe_events_status":"","_tribe_events_status_reason":"","footnotes":""},"tags":[],"tribe_events_cat":[174],"class_list":["post-109554","tribe_events","type-tribe_events","status-publish","has-post-thumbnail","hentry","tribe_events_cat-soiree-musicale","cat_soiree-musicale"],"yoast_head":"<!-- This site is optimized with the Yoast SEO plugin v27.5 - https:\/\/yoast.com\/product\/yoast-seo-wordpress\/ -->\n<title>30 AOUT 2025 SUR LE ROOF TOP : MARINE &amp; PATRICK UN DUO EN LIVE - La Maison de Bacon<\/title>\n<meta name=\"robots\" content=\"index, follow, max-snippet:-1, max-image-preview:large, max-video-preview:-1\" \/>\n<link rel=\"canonical\" href=\"https:\/\/maisondebacon.fr\/en\/event\/30-aout-2025-sur-le-roof-top-marine-patrick-un-duo-en-live\/\" \/>\n<meta property=\"og:locale\" content=\"en_US\" \/>\n<meta property=\"og:type\" content=\"article\" \/>\n<meta property=\"og:title\" content=\"30 AOUT 2025 SUR LE ROOF TOP : MARINE &amp; PATRICK UN DUO EN LIVE - La Maison de Bacon\" \/>\n<meta property=\"og:description\" content=\"Le 30 Ao\u00fbt 2025\u00a0 Ambiance chic &amp; coucher de soleil au sommet sur le ROOF TOP avec un DUO MARINE &amp; PATRICK EN LIVE Un voyage en chansons \u00e0 travers les grands classiques de la vari\u00e9t\u00e9 fran\u00e7aise et internationale, interpr\u00e9t\u00e9s [&hellip;]\" \/>\n<meta property=\"og:url\" content=\"https:\/\/maisondebacon.fr\/en\/event\/30-aout-2025-sur-le-roof-top-marine-patrick-un-duo-en-live\/\" \/>\n<meta property=\"og:site_name\" content=\"La Maison de Bacon\" \/>\n<meta property=\"article:modified_time\" content=\"2025-07-21T11:24:11+00:00\" \/>\n<meta property=\"og:image\" content=\"https:\/\/maisondebacon.fr\/wp-content\/uploads\/2025\/07\/WhatsApp-Image-2025-07-21-a-12.44.16_09c4e004.jpg\" \/>\n\t<meta property=\"og:image:width\" content=\"1599\" \/>\n\t<meta property=\"og:image:height\" content=\"1066\" \/>\n\t<meta property=\"og:image:type\" content=\"image\/jpeg\" \/>\n<meta name=\"twitter:card\" content=\"summary_large_image\" \/>\n<meta name=\"twitter:label1\" content=\"Est. reading time\" \/>\n\t<meta name=\"twitter:data1\" content=\"1 minute\" \/>\n<script type=\"application\/ld+json\" class=\"yoast-schema-graph\">{\"@context\":\"https:\\\/\\\/schema.org\",\"@graph\":[{\"@type\":\"WebPage\",\"@id\":\"https:\\\/\\\/maisondebacon.fr\\\/event\\\/30-aout-2025-sur-le-roof-top-marine-patrick-un-duo-en-live\\\/\",\"url\":\"https:\\\/\\\/maisondebacon.fr\\\/event\\\/30-aout-2025-sur-le-roof-top-marine-patrick-un-duo-en-live\\\/\",\"name\":\"30 AOUT 2025 SUR LE ROOF TOP : MARINE & PATRICK UN DUO EN LIVE - La Maison de Bacon\",\"isPartOf\":{\"@id\":\"https:\\\/\\\/maisondebacon.fr\\\/#website\"},\"primaryImageOfPage\":{\"@id\":\"https:\\\/\\\/maisondebacon.fr\\\/event\\\/30-aout-2025-sur-le-roof-top-marine-patrick-un-duo-en-live\\\/#primaryimage\"},\"image\":{\"@id\":\"https:\\\/\\\/maisondebacon.fr\\\/event\\\/30-aout-2025-sur-le-roof-top-marine-patrick-un-duo-en-live\\\/#primaryimage\"},\"thumbnailUrl\":\"https:\\\/\\\/maisondebacon.fr\\\/wp-content\\\/uploads\\\/2025\\\/07\\\/WhatsApp-Image-2025-07-21-a-12.44.16_09c4e004.jpg\",\"datePublished\":\"2025-07-21T08:51:16+00:00\",\"dateModified\":\"2025-07-21T11:24:11+00:00\",\"breadcrumb\":{\"@id\":\"https:\\\/\\\/maisondebacon.fr\\\/event\\\/30-aout-2025-sur-le-roof-top-marine-patrick-un-duo-en-live\\\/#breadcrumb\"},\"inLanguage\":\"en-US\",\"potentialAction\":[{\"@type\":\"ReadAction\",\"target\":[\"https:\\\/\\\/maisondebacon.fr\\\/event\\\/30-aout-2025-sur-le-roof-top-marine-patrick-un-duo-en-live\\\/\"]}]},{\"@type\":\"ImageObject\",\"inLanguage\":\"en-US\",\"@id\":\"https:\\\/\\\/maisondebacon.fr\\\/event\\\/30-aout-2025-sur-le-roof-top-marine-patrick-un-duo-en-live\\\/#primaryimage\",\"url\":\"https:\\\/\\\/maisondebacon.fr\\\/wp-content\\\/uploads\\\/2025\\\/07\\\/WhatsApp-Image-2025-07-21-a-12.44.16_09c4e004.jpg\",\"contentUrl\":\"https:\\\/\\\/maisondebacon.fr\\\/wp-content\\\/uploads\\\/2025\\\/07\\\/WhatsApp-Image-2025-07-21-a-12.44.16_09c4e004.jpg\",\"width\":1599,\"height\":1066},{\"@type\":\"BreadcrumbList\",\"@id\":\"https:\\\/\\\/maisondebacon.fr\\\/event\\\/30-aout-2025-sur-le-roof-top-marine-patrick-un-duo-en-live\\\/#breadcrumb\",\"itemListElement\":[{\"@type\":\"ListItem\",\"position\":1,\"name\":\"Accueil\",\"item\":\"https:\\\/\\\/maisondebacon.fr\\\/\"},{\"@type\":\"ListItem\",\"position\":2,\"name\":\"\u00c9v\u00e8nements\",\"item\":\"https:\\\/\\\/maisondebacon.fr\\\/events\\\/\"},{\"@type\":\"ListItem\",\"position\":3,\"name\":\"30 AOUT 2025 SUR LE ROOF TOP : MARINE &#038; PATRICK UN DUO EN LIVE\"}]},{\"@type\":\"WebSite\",\"@id\":\"https:\\\/\\\/maisondebacon.fr\\\/#website\",\"url\":\"https:\\\/\\\/maisondebacon.fr\\\/\",\"name\":\"La Maison de Bacon\",\"description\":\"Rendre votre exp\u00e9rience unique\",\"potentialAction\":[{\"@type\":\"SearchAction\",\"target\":{\"@type\":\"EntryPoint\",\"urlTemplate\":\"https:\\\/\\\/maisondebacon.fr\\\/?s={search_term_string}\"},\"query-input\":{\"@type\":\"PropertyValueSpecification\",\"valueRequired\":true,\"valueName\":\"search_term_string\"}}],\"inLanguage\":\"en-US\"}]}<\/script>\n<!-- \/ Yoast SEO plugin. -->","yoast_head_json":{"title":"30 AOUT 2025 SUR LE ROOF TOP : MARINE & PATRICK UN DUO EN LIVE - La Maison de Bacon","robots":{"index":"index","follow":"follow","max-snippet":"max-snippet:-1","max-image-preview":"max-image-preview:large","max-video-preview":"max-video-preview:-1"},"canonical":"https:\/\/maisondebacon.fr\/en\/event\/30-aout-2025-sur-le-roof-top-marine-patrick-un-duo-en-live\/","og_locale":"en_US","og_type":"article","og_title":"30 AOUT 2025 SUR LE ROOF TOP : MARINE & PATRICK UN DUO EN LIVE - La Maison de Bacon","og_description":"Le 30 Ao\u00fbt 2025\u00a0 Ambiance chic &amp; coucher de soleil au sommet sur le ROOF TOP avec un DUO MARINE &amp; PATRICK EN LIVE Un voyage en chansons \u00e0 travers les grands classiques de la vari\u00e9t\u00e9 fran\u00e7aise et internationale, interpr\u00e9t\u00e9s [&hellip;]","og_url":"https:\/\/maisondebacon.fr\/en\/event\/30-aout-2025-sur-le-roof-top-marine-patrick-un-duo-en-live\/","og_site_name":"La Maison de Bacon","article_modified_time":"2025-07-21T11:24:11+00:00","og_image":[{"width":1599,"height":1066,"url":"https:\/\/maisondebacon.fr\/wp-content\/uploads\/2025\/07\/WhatsApp-Image-2025-07-21-a-12.44.16_09c4e004.jpg","type":"image\/jpeg"}],"twitter_card":"summary_large_image","twitter_misc":{"Est. reading time":"1 minute"},"schema":{"@context":"https:\/\/schema.org","@graph":[{"@type":"WebPage","@id":"https:\/\/maisondebacon.fr\/event\/30-aout-2025-sur-le-roof-top-marine-patrick-un-duo-en-live\/","url":"https:\/\/maisondebacon.fr\/event\/30-aout-2025-sur-le-roof-top-marine-patrick-un-duo-en-live\/","name":"30 AOUT 2025 SUR LE ROOF TOP : MARINE & PATRICK UN DUO EN LIVE - La Maison de Bacon","isPartOf":{"@id":"https:\/\/maisondebacon.fr\/#website"},"primaryImageOfPage":{"@id":"https:\/\/maisondebacon.fr\/event\/30-aout-2025-sur-le-roof-top-marine-patrick-un-duo-en-live\/#primaryimage"},"image":{"@id":"https:\/\/maisondebacon.fr\/event\/30-aout-2025-sur-le-roof-top-marine-patrick-un-duo-en-live\/#primaryimage"},"thumbnailUrl":"https:\/\/maisondebacon.fr\/wp-content\/uploads\/2025\/07\/WhatsApp-Image-2025-07-21-a-12.44.16_09c4e004.jpg","datePublished":"2025-07-21T08:51:16+00:00","dateModified":"2025-07-21T11:24:11+00:00","breadcrumb":{"@id":"https:\/\/maisondebacon.fr\/event\/30-aout-2025-sur-le-roof-top-marine-patrick-un-duo-en-live\/#breadcrumb"},"inLanguage":"en-US","potentialAction":[{"@type":"ReadAction","target":["https:\/\/maisondebacon.fr\/event\/30-aout-2025-sur-le-roof-top-marine-patrick-un-duo-en-live\/"]}]},{"@type":"ImageObject","inLanguage":"en-US","@id":"https:\/\/maisondebacon.fr\/event\/30-aout-2025-sur-le-roof-top-marine-patrick-un-duo-en-live\/#primaryimage","url":"https:\/\/maisondebacon.fr\/wp-content\/uploads\/2025\/07\/WhatsApp-Image-2025-07-21-a-12.44.16_09c4e004.jpg","contentUrl":"https:\/\/maisondebacon.fr\/wp-content\/uploads\/2025\/07\/WhatsApp-Image-2025-07-21-a-12.44.16_09c4e004.jpg","width":1599,"height":1066},{"@type":"BreadcrumbList","@id":"https:\/\/maisondebacon.fr\/event\/30-aout-2025-sur-le-roof-top-marine-patrick-un-duo-en-live\/#breadcrumb","itemListElement":[{"@type":"ListItem","position":1,"name":"Accueil","item":"https:\/\/maisondebacon.fr\/"},{"@type":"ListItem","position":2,"name":"\u00c9v\u00e8nements","item":"https:\/\/maisondebacon.fr\/events\/"},{"@type":"ListItem","position":3,"name":"30 AOUT 2025 SUR LE ROOF TOP : MARINE &#038; PATRICK UN DUO EN LIVE"}]},{"@type":"WebSite","@id":"https:\/\/maisondebacon.fr\/#website","url":"https:\/\/maisondebacon.fr\/","name":"Bacon&#039;s House","description":"Rendre votre exp\u00e9rience unique","potentialAction":[{"@type":"SearchAction","target":{"@type":"EntryPoint","urlTemplate":"https:\/\/maisondebacon.fr\/?s={search_term_string}"},"query-input":{"@type":"PropertyValueSpecification","valueRequired":true,"valueName":"search_term_string"}}],"inLanguage":"en-US"}]}},"_links":{"self":[{"href":"https:\/\/maisondebacon.fr\/en\/wp-json\/wp\/v2\/tribe_events\/109554","targetHints":{"allow":["GET"]}}],"collection":[{"href":"https:\/\/maisondebacon.fr\/en\/wp-json\/wp\/v2\/tribe_events"}],"about":[{"href":"https:\/\/maisondebacon.fr\/en\/wp-json\/wp\/v2\/types\/tribe_events"}],"author":[{"embeddable":true,"href":"https:\/\/maisondebacon.fr\/en\/wp-json\/wp\/v2\/users\/1"}],"version-history":[{"count":1,"href":"https:\/\/maisondebacon.fr\/en\/wp-json\/wp\/v2\/tribe_events\/109554\/revisions"}],"predecessor-version":[{"id":109555,"href":"https:\/\/maisondebacon.fr\/en\/wp-json\/wp\/v2\/tribe_events\/109554\/revisions\/109555"}],"wp:featuredmedia":[{"embeddable":true,"href":"https:\/\/maisondebacon.fr\/en\/wp-json\/wp\/v2\/media\/109566"}],"wp:attachment":[{"href":"https:\/\/maisondebacon.fr\/en\/wp-json\/wp\/v2\/media?parent=109554"}],"wp:term":[{"taxonomy":"post_tag","embeddable":true,"href":"https:\/\/maisondebacon.fr\/en\/wp-json\/wp\/v2\/tags?post=109554"},{"taxonomy":"tribe_events_cat","embeddable":true,"href":"https:\/\/maisondebacon.fr\/en\/wp-json\/wp\/v2\/tribe_events_cat?post=109554"}],"curies":[{"name":"wp","href":"https:\/\/api.w.org\/{rel}","templated":true}]}}

<p>Le 30 Août 2025  Ambiance chic &amp; coucher de soleil au sommet<strong> sur le ROOF TOP avec un DUO MARINE &amp; PATRICK EN LIVE</strong></p>
<p>Un voyage en chansons à travers les grands classiques de la variété française et internationale, interprétés avec émotion, complicité et une touche de magie.</p>
<p><strong>cocktails</strong> signature, grands classiques revisités et créations de saison</p>
<p><strong>plats à partager</strong> : produits de la mer, inspirations méditerranéennes, assiettes généreuses et raffinées</p>
<p>l&rsquo;été commence :<strong> pensez à réserver sur</strong> <strong><a href="https://bookings.zenchef.com/results?rid=367528&amp;pid=1001&amp;lang=en">CE LIEN </a></strong></p>

<p>Le 30 Août 2025  Ambiance chic &amp; coucher de soleil au sommet sur le ROOF TOP avec un DUO MARINE &amp; PATRICK EN LIVE Un voyage en chansons à travers les grands classiques de la variété française et internationale, interprétés [&hellip;]</p>

<!-- This site is optimized with the Yoast SEO plugin v27.5 - https://yoast.com/product/yoast-seo-wordpress/ -->
<title>30 AOUT 2025 SUR LE ROOF TOP : MARINE &amp; PATRICK UN DUO EN LIVE - La Maison de Bacon</title>
<meta name="robots" content="index, follow, max-snippet:-1, max-image-preview:large, max-video-preview:-1" />
<link rel="canonical" href="https://maisondebacon.fr/en/event/30-aout-2025-sur-le-roof-top-marine-patrick-un-duo-en-live/" />
<meta property="og:locale" content="en_US" />
<meta property="og:type" content="article" />
<meta property="og:title" content="30 AOUT 2025 SUR LE ROOF TOP : MARINE &amp; PATRICK UN DUO EN LIVE - La Maison de Bacon" />
<meta property="og:description" content="Le 30 Août 2025  Ambiance chic &amp; coucher de soleil au sommet sur le ROOF TOP avec un DUO MARINE &amp; PATRICK EN LIVE Un voyage en chansons à travers les grands classiques de la variété française et internationale, interprétés [&hellip;]" />
<meta property="og:url" content="https://maisondebacon.fr/en/event/30-aout-2025-sur-le-roof-top-marine-patrick-un-duo-en-live/" />
<meta property="og:site_name" content="La Maison de Bacon" />
<meta property="article:modified_time" content="2025-07-21T11:24:11+00:00" />
<meta property="og:image" content="https://maisondebacon.fr/wp-content/uploads/2025/07/WhatsApp-Image-2025-07-21-a-12.44.16_09c4e004.jpg" />
	<meta property="og:image:width" content="1599" />
	<meta property="og:image:height" content="1066" />
	<meta property="og:image:type" content="image/jpeg" />
<meta name="twitter:card" content="summary_large_image" />
<meta name="twitter:label1" content="Est. reading time" />
	<meta name="twitter:data1" content="1 minute" />
<script type="application/ld+json" class="yoast-schema-graph">{"@context":"https:\/\/schema.org","@graph":[{"@type":"WebPage","@id":"https:\/\/maisondebacon.fr\/event\/30-aout-2025-sur-le-roof-top-marine-patrick-un-duo-en-live\/","url":"https:\/\/maisondebacon.fr\/event\/30-aout-2025-sur-le-roof-top-marine-patrick-un-duo-en-live\/","name":"30 AOUT 2025 SUR LE ROOF TOP : MARINE & PATRICK UN DUO EN LIVE - La Maison de Bacon","isPartOf":{"@id":"https:\/\/maisondebacon.fr\/#website"},"primaryImageOfPage":{"@id":"https:\/\/maisondebacon.fr\/event\/30-aout-2025-sur-le-roof-top-marine-patrick-un-duo-en-live\/#primaryimage"},"image":{"@id":"https:\/\/maisondebacon.fr\/event\/30-aout-2025-sur-le-roof-top-marine-patrick-un-duo-en-live\/#primaryimage"},"thumbnailUrl":"https:\/\/maisondebacon.fr\/wp-content\/uploads\/2025\/07\/WhatsApp-Image-2025-07-21-a-12.44.16_09c4e004.jpg","datePublished":"2025-07-21T08:51:16+00:00","dateModified":"2025-07-21T11:24:11+00:00","breadcrumb":{"@id":"https:\/\/maisondebacon.fr\/event\/30-aout-2025-sur-le-roof-top-marine-patrick-un-duo-en-live\/#breadcrumb"},"inLanguage":"en-US","potentialAction":[{"@type":"ReadAction","target":["https:\/\/maisondebacon.fr\/event\/30-aout-2025-sur-le-roof-top-marine-patrick-un-duo-en-live\/"]}]},{"@type":"ImageObject","inLanguage":"en-US","@id":"https:\/\/maisondebacon.fr\/event\/30-aout-2025-sur-le-roof-top-marine-patrick-un-duo-en-live\/#primaryimage","url":"https:\/\/maisondebacon.fr\/wp-content\/uploads\/2025\/07\/WhatsApp-Image-2025-07-21-a-12.44.16_09c4e004.jpg","contentUrl":"https:\/\/maisondebacon.fr\/wp-content\/uploads\/2025\/07\/WhatsApp-Image-2025-07-21-a-12.44.16_09c4e004.jpg","width":1599,"height":1066},{"@type":"BreadcrumbList","@id":"https:\/\/maisondebacon.fr\/event\/30-aout-2025-sur-le-roof-top-marine-patrick-un-duo-en-live\/#breadcrumb","itemListElement":[{"@type":"ListItem","position":1,"name":"Accueil","item":"https:\/\/maisondebacon.fr\/"},{"@type":"ListItem","position":2,"name":"Évènements","item":"https:\/\/maisondebacon.fr\/events\/"},{"@type":"ListItem","position":3,"name":"30 AOUT 2025 SUR LE ROOF TOP : MARINE &#038; PATRICK UN DUO EN LIVE"}]},{"@type":"WebSite","@id":"https:\/\/maisondebacon.fr\/#website","url":"https:\/\/maisondebacon.fr\/","name":"La Maison de Bacon","description":"Rendre votre expérience unique","potentialAction":[{"@type":"SearchAction","target":{"@type":"EntryPoint","urlTemplate":"https:\/\/maisondebacon.fr\/?s={search_term_string}"},"query-input":{"@type":"PropertyValueSpecification","valueRequired":true,"valueName":"search_term_string"}}],"inLanguage":"en-US"}]}</script>
<!-- / Yoast SEO plugin. -->

Le 30 Août 2025  Ambiance chic &amp; coucher de soleil au sommet sur le ROOF TOP avec un DUO MARINE &amp; PATRICK EN LIVE Un voyage en chansons à travers les grands classiques de la variété française et internationale, interprétés [&hellip;]

Évènements

Rendre votre expérience unique
